{"id":2027,"date":"2025-09-01T00:04:34","date_gmt":"2025-09-01T05:04:34","guid":{"rendered":"https:\/\/smartket.online\/?post_type=product&#038;p=2027"},"modified":"2025-10-05T22:13:20","modified_gmt":"2025-10-06T03:13:20","slug":"estufa-de-piso-haceb-4-puestos-romero-reflex-50-vidrio-negro","status":"publish","type":"product","link":"https:\/\/smartket.online\/index.php\/producto\/estufa-de-piso-haceb-4-puestos-romero-reflex-50-vidrio-negro\/","title":{"rendered":"Estufa de Piso HACEB 4 Puestos Romero Reflex VS GTR"},"content":{"rendered":"<div id=\"product-description-short-43\" class=\"product-description\">\n<p>La estufa HACEB Romero Reflex gas natural, te ofrece un contraste \u00fanico de colores y acabados, la favorita de la marca HACEB en color negro para tener en casa. Cocina las recetas m\u00e1s exquisitas y con el toque crujiente y dorado que te brinda el gratinador, cocina en menos tiempo gracias al fog\u00f3n m\u00e1s potente y evita fugas de gas, seguridad para ti y tu familia, Modelo incluye inyectores de gas para una f\u00e1cil conversi\u00f3n. \u00a1Compra ya!<\/p>\n<\/div>\n","protected":false},"excerpt":{"rendered":"<p>La estufa HACEB Romero Reflex gas natural, te ofrece un contraste \u00fanico de colores y acabados, la favorita de la marca HACEB en color negro para tener en casa. Cocina las recetas m\u00e1s exquisitas y con el toque crujiente y dorado que te brinda el gratinador, cocina en menos tiempo gracias al fog\u00f3n m\u00e1s potente [&hellip;]<\/p>\n","protected":false},"featured_media":2028,"comment_status":"open","ping_status":"closed","template":"","meta":[],"product_brand":[72],"product_cat":[70],"product_tag":[],"class_list":{"0":"post-2027","1":"product","2":"type-product","3":"status-publish","4":"has-post-thumbnail","6":"product_brand-estufas","7":"product_cat-estufas","9":"first","10":"onbackorder","11":"shipping-taxable","12":"purchasable","13":"product-type-simple"},"aioseo_notices":[],"_links":{"self":[{"href":"https:\/\/smartket.online\/index.php\/wp-json\/wp\/v2\/product\/2027","targetHints":{"allow":["GET"]}}],"collection":[{"href":"https:\/\/smartket.online\/index.php\/wp-json\/wp\/v2\/product"}],"about":[{"href":"https:\/\/smartket.online\/index.php\/wp-json\/wp\/v2\/types\/product"}],"replies":[{"embeddable":true,"href":"https:\/\/smartket.online\/index.php\/wp-json\/wp\/v2\/comments?post=2027"}],"wp:featuredmedia":[{"embeddable":true,"href":"https:\/\/smartket.online\/index.php\/wp-json\/wp\/v2\/media\/2028"}],"wp:attachment":[{"href":"https:\/\/smartket.online\/index.php\/wp-json\/wp\/v2\/media?parent=2027"}],"wp:term":[{"taxonomy":"product_brand","embeddable":true,"href":"https:\/\/smartket.online\/index.php\/wp-json\/wp\/v2\/product_brand?post=2027"},{"taxonomy":"product_cat","embeddable":true,"href":"https:\/\/smartket.online\/index.php\/wp-json\/wp\/v2\/product_cat?post=2027"},{"taxonomy":"product_tag","embeddable":true,"href":"https:\/\/smartket.online\/index.php\/wp-json\/wp\/v2\/product_tag?post=2027"}],"curies":[{"name":"wp","href":"https:\/\/api.w.org\/{rel}","templated":true}]}}