{"id":2050,"date":"2025-09-01T00:32:16","date_gmt":"2025-09-01T05:32:16","guid":{"rendered":"https:\/\/smartket.online\/?post_type=product&#038;p=2050"},"modified":"2025-09-01T00:34:24","modified_gmt":"2025-09-01T05:34:24","slug":"nevera-haceb-no-frost-294-litros-n-311se-miti-manija-interna-titanio","status":"publish","type":"product","link":"https:\/\/smartket.online\/index.php\/producto\/nevera-haceb-no-frost-294-litros-n-311se-miti-manija-interna-titanio\/","title":{"rendered":"Nevera HACEB No Frost 294 Litros N-311SE-MITI Manija Interna Titanio"},"content":{"rendered":"<div id=\"tabsDescripcion\" class=\"row\">\n<div class=\"tab-content\">\n<div id=\"descripcion\" class=\"tab-pane active\">\n<div class=\"productDescription\">\n<p>Nevera HACEB N311SEMITIR2, dise\u00f1ada para alargar la vida de tus alimentos, \u00fanica con sistema de conservaci\u00f3n Himalaya de 5 componentes: fr\u00edo sectorizado seg\u00fan las necesidades de tus alimentos, temperatura estable en cada zona evitando la propagaci\u00f3n de bacterias, corrientes de frio \u00f3ptimas, que recorren cada rinc\u00f3n de la nevera, separador de frutas y verduras con control de humedad para conservarlas mejor, y compartimiento extra-fr\u00edo: zona para descongelar con menos cambios de temperatura. \u00a1Compra ya la tuya!<\/p>\n<\/div>\n<\/div>\n<\/div>\n<\/div>\n","protected":false},"excerpt":{"rendered":"<p>Nevera HACEB N311SEMITIR2, dise\u00f1ada para alargar la vida de tus alimentos, \u00fanica con sistema de conservaci\u00f3n Himalaya de 5 componentes: fr\u00edo sectorizado seg\u00fan las necesidades de tus alimentos, temperatura estable en cada zona evitando la propagaci\u00f3n de bacterias, corrientes de frio \u00f3ptimas, que recorren cada rinc\u00f3n de la nevera, separador de frutas y verduras con [&hellip;]<\/p>\n","protected":false},"featured_media":2051,"comment_status":"open","ping_status":"closed","template":"","meta":[],"product_brand":[],"product_cat":[20],"product_tag":[],"class_list":{"0":"post-2050","1":"product","2":"type-product","3":"status-publish","4":"has-post-thumbnail","6":"product_cat-neveras","8":"first","9":"onbackorder","10":"shipping-taxable","11":"purchasable","12":"product-type-simple"},"aioseo_notices":[],"_links":{"self":[{"href":"https:\/\/smartket.online\/index.php\/wp-json\/wp\/v2\/product\/2050","targetHints":{"allow":["GET"]}}],"collection":[{"href":"https:\/\/smartket.online\/index.php\/wp-json\/wp\/v2\/product"}],"about":[{"href":"https:\/\/smartket.online\/index.php\/wp-json\/wp\/v2\/types\/product"}],"replies":[{"embeddable":true,"href":"https:\/\/smartket.online\/index.php\/wp-json\/wp\/v2\/comments?post=2050"}],"wp:featuredmedia":[{"embeddable":true,"href":"https:\/\/smartket.online\/index.php\/wp-json\/wp\/v2\/media\/2051"}],"wp:attachment":[{"href":"https:\/\/smartket.online\/index.php\/wp-json\/wp\/v2\/media?parent=2050"}],"wp:term":[{"taxonomy":"product_brand","embeddable":true,"href":"https:\/\/smartket.online\/index.php\/wp-json\/wp\/v2\/product_brand?post=2050"},{"taxonomy":"product_cat","embeddable":true,"href":"https:\/\/smartket.online\/index.php\/wp-json\/wp\/v2\/product_cat?post=2050"},{"taxonomy":"product_tag","embeddable":true,"href":"https:\/\/smartket.online\/index.php\/wp-json\/wp\/v2\/product_tag?post=2050"}],"curies":[{"name":"wp","href":"https:\/\/api.w.org\/{rel}","templated":true}]}}