{"id":2168,"date":"2025-09-04T22:11:27","date_gmt":"2025-09-05T03:11:27","guid":{"rendered":"https:\/\/smartket.online\/?post_type=product&#038;p=2168"},"modified":"2025-09-04T22:13:43","modified_gmt":"2025-09-05T03:13:43","slug":"nevera-samsung-no-frost-412-litros-rt-42dg6220b1-gris","status":"publish","type":"product","link":"https:\/\/smartket.online\/index.php\/producto\/nevera-samsung-no-frost-412-litros-rt-42dg6220b1-gris\/","title":{"rendered":"Nevera SAMSUNG No Frost 412 Litros RT-42DG6220B1 Gris"},"content":{"rendered":"<div id=\"tabsDescripcion\" class=\"row\">\n<div class=\"tab-content\">\n<div id=\"descripcion\" class=\"tab-pane active\">\n<div class=\"productDescription\">\n<ul class=\"tiendasjumboqaio-metro-custom-pages-2-x-layoutListcontainer\">\n<li class=\"tab-details__keyFeatures--item\">AI Energy: Monitorea y ahorra energ\u00eda desde tu celular.<\/li>\n<li class=\"tab-details__keyFeatures--item\">SmartThings: Controla y optimiza el uso desde tu celular.<\/li>\n<li class=\"tab-details__keyFeatures--item\">DIT: 20 a\u00f1os de garant\u00eda en el compresor<\/li>\n<li class=\"tab-details__keyFeatures--item\">All Around Cooling: Alimentos frescos sin importar ubicaci\u00f3n<\/li>\n<li class=\"tab-details__keyFeatures--item\">Dispensador de agua: Agua fresca en todo momento<\/li>\n<\/ul>\n<\/div>\n<\/div>\n<\/div>\n<\/div>\n","protected":false},"excerpt":{"rendered":"<p>AI Energy: Monitorea y ahorra energ\u00eda desde tu celular. SmartThings: Controla y optimiza el uso desde tu celular. DIT: 20 a\u00f1os de garant\u00eda en el compresor All Around Cooling: Alimentos frescos sin importar ubicaci\u00f3n Dispensador de agua: Agua fresca en todo momento<\/p>\n","protected":false},"featured_media":2169,"comment_status":"open","ping_status":"closed","template":"","meta":[],"product_brand":[],"product_cat":[20],"product_tag":[],"class_list":{"0":"post-2168","1":"product","2":"type-product","3":"status-publish","4":"has-post-thumbnail","6":"product_cat-neveras","8":"first","9":"onbackorder","10":"shipping-taxable","11":"purchasable","12":"product-type-simple"},"aioseo_notices":[],"_links":{"self":[{"href":"https:\/\/smartket.online\/index.php\/wp-json\/wp\/v2\/product\/2168","targetHints":{"allow":["GET"]}}],"collection":[{"href":"https:\/\/smartket.online\/index.php\/wp-json\/wp\/v2\/product"}],"about":[{"href":"https:\/\/smartket.online\/index.php\/wp-json\/wp\/v2\/types\/product"}],"replies":[{"embeddable":true,"href":"https:\/\/smartket.online\/index.php\/wp-json\/wp\/v2\/comments?post=2168"}],"wp:featuredmedia":[{"embeddable":true,"href":"https:\/\/smartket.online\/index.php\/wp-json\/wp\/v2\/media\/2169"}],"wp:attachment":[{"href":"https:\/\/smartket.online\/index.php\/wp-json\/wp\/v2\/media?parent=2168"}],"wp:term":[{"taxonomy":"product_brand","embeddable":true,"href":"https:\/\/smartket.online\/index.php\/wp-json\/wp\/v2\/product_brand?post=2168"},{"taxonomy":"product_cat","embeddable":true,"href":"https:\/\/smartket.online\/index.php\/wp-json\/wp\/v2\/product_cat?post=2168"},{"taxonomy":"product_tag","embeddable":true,"href":"https:\/\/smartket.online\/index.php\/wp-json\/wp\/v2\/product_tag?post=2168"}],"curies":[{"name":"wp","href":"https:\/\/api.w.org\/{rel}","templated":true}]}}