{"id":2178,"date":"2025-09-04T22:18:36","date_gmt":"2025-09-05T03:18:36","guid":{"rendered":"https:\/\/smartket.online\/?post_type=product&#038;p=2178"},"modified":"2025-09-04T22:20:01","modified_gmt":"2025-09-05T03:20:01","slug":"lavadora-electrolux-carga-superior-21kg-ewix21f3gr-gris","status":"publish","type":"product","link":"https:\/\/smartket.online\/index.php\/producto\/lavadora-electrolux-carga-superior-21kg-ewix21f3gr-gris\/","title":{"rendered":"Lavadora ELECTROLUX Carga Superior 21KG EWIX21F3GR Gris"},"content":{"rendered":"<p>La Lavadora Carga Superior Premium Care 21Kg de Electrolux ofrece la m\u00e1xima tecnolog\u00eda y cuidado para conservar tu ropa con un reducido consumo de agua y energ\u00eda, brind\u00e1ndote modernidad, dise\u00f1o y sostenibilidad. Con la funci\u00f3n de ahorro, puedes reducir el consumo de energ\u00eda y agua en el ciclo de lavado hasta en un 40% sin dejar de lado el cuidado premium de tus prendas, que permanecer\u00e1n limpias, nuevas y bien cuidadas durante mucho m\u00e1s tiempo. \u00a1 Adquiere la tuya aqu\u00ed !<\/p>\n","protected":false},"excerpt":{"rendered":"<p>La Lavadora Carga Superior Premium Care 21Kg de Electrolux ofrece la m\u00e1xima tecnolog\u00eda y cuidado para conservar tu ropa con un reducido consumo de agua y energ\u00eda, brind\u00e1ndote modernidad, dise\u00f1o y sostenibilidad. Con la funci\u00f3n de ahorro, puedes reducir el consumo de energ\u00eda y agua en el ciclo de lavado hasta en un 40% sin [&hellip;]<\/p>\n","protected":false},"featured_media":2179,"comment_status":"open","ping_status":"closed","template":"","meta":[],"product_brand":[68],"product_cat":[21],"product_tag":[],"class_list":{"0":"post-2178","1":"product","2":"type-product","3":"status-publish","4":"has-post-thumbnail","6":"product_brand-lg","7":"product_cat-lavadoras","9":"first","10":"onbackorder","11":"shipping-taxable","12":"purchasable","13":"product-type-simple"},"aioseo_notices":[],"_links":{"self":[{"href":"https:\/\/smartket.online\/index.php\/wp-json\/wp\/v2\/product\/2178","targetHints":{"allow":["GET"]}}],"collection":[{"href":"https:\/\/smartket.online\/index.php\/wp-json\/wp\/v2\/product"}],"about":[{"href":"https:\/\/smartket.online\/index.php\/wp-json\/wp\/v2\/types\/product"}],"replies":[{"embeddable":true,"href":"https:\/\/smartket.online\/index.php\/wp-json\/wp\/v2\/comments?post=2178"}],"wp:featuredmedia":[{"embeddable":true,"href":"https:\/\/smartket.online\/index.php\/wp-json\/wp\/v2\/media\/2179"}],"wp:attachment":[{"href":"https:\/\/smartket.online\/index.php\/wp-json\/wp\/v2\/media?parent=2178"}],"wp:term":[{"taxonomy":"product_brand","embeddable":true,"href":"https:\/\/smartket.online\/index.php\/wp-json\/wp\/v2\/product_brand?post=2178"},{"taxonomy":"product_cat","embeddable":true,"href":"https:\/\/smartket.online\/index.php\/wp-json\/wp\/v2\/product_cat?post=2178"},{"taxonomy":"product_tag","embeddable":true,"href":"https:\/\/smartket.online\/index.php\/wp-json\/wp\/v2\/product_tag?post=2178"}],"curies":[{"name":"wp","href":"https:\/\/api.w.org\/{rel}","templated":true}]}}