{"id":29,"date":"2023-06-29T15:18:56","date_gmt":"2023-06-29T20:18:56","guid":{"rendered":"https:\/\/markermedia.co\/demo\/smartket\/?post_type=product&#038;p=29"},"modified":"2025-10-05T14:30:35","modified_gmt":"2025-10-05T19:30:35","slug":"nevera-lumina-no-frost-317-litros-brutos-cr-317","status":"publish","type":"product","link":"https:\/\/smartket.online\/index.php\/producto\/nevera-lumina-no-frost-317-litros-brutos-cr-317\/","title":{"rendered":"Nevera L\u00famina No Frost 317 Litros Brutos &#8211; CR 317"},"content":{"rendered":"<p>Nevera No Frost de la nueva l\u00ednea de neveras Challenger L\u00famina, de 317 Litros Brutos con panel digital de clase tropical de bajo ruido y de bajo consumo energ\u00e9tico, incorpora un sistema multiflujo el cual realiza una distribuci\u00f3n constante y uniforme de la temperatura para mantener los alimentos mas frescos<\/p>\n<h3>100% Ecol\u00f3gica<\/h3>\n<p>Contiene refrigerante R600a que conlleva a una mayor eficiencia energ\u00e9tica y reduce el riesgo del impacto sobre el calentamiento global y el da\u00f1o a la capa de ozono. Adicional es Libre de CFC (Clorofluorocarburos)<\/p>\n<h3>Nuevas bandejas vidrio templado de seguridad<\/h3>\n<p>Bandeja multiusos extra\u00edble, de f\u00e1cil acceso que permite almacenar diferentes alimentos, contiene nuevos anaqueles pocket modulares para mejorar la distribuci\u00f3n de alimentos en la puerta.<\/p>\n<h3>Sistema Multiflow<\/h3>\n<p>Sistema multiflujo el cual realiza una distribuci\u00f3n constante y uniforme de la temperatura para mantener los alimentos mas frescos.<\/p>\n<p>&nbsp;<\/p>\n<h3>Bajo consumo energ\u00e9tico<\/h3>\n<p>Bajo consumo energ\u00e9tico con las funciones del control electr\u00f3nico de temperatura. Clasificaci\u00f3n Energ\u00e9tica B Consumo de Energ\u00eda: 28.6 kWh\/mes<\/p>\n<p>&nbsp;<\/p>\n<p>MARCACHALLENGERREFERENCIACR317Tecnolog\u00eda de Fr\u00edoNo FrostDimensiones del producto (cm)60 cm x 66 cm x 179 cm (F x P x A)Dimensiones de empaque (cm)<\/p>\n<table>\n<tbody>\n<tr>\n<td>64,5 cm x 71 cm x 181,1 cm (F x P x A)<\/td>\n<\/tr>\n<\/tbody>\n<\/table>\n<p>Dispensador de AguaSiTipo de Dispensador de AguaManualPeso flete (Kg)45.77Cantidad Puertas2Material de las BandejasVidrio templadoConsumo de Energ\u00eda por d\u00eda (Kwh\/d\u00eda.)1.063 kWh<strong>Volumen de Almacenamiento (litros)<\/strong>317Clasificaci\u00f3n Energ\u00e9ticaBFabricador de HieloS\u00edGama de ColorTitanium GrisDisplaySi<strong>Tensi\u00f3n El\u00e9ctrica (Voltios)<\/strong>115V\/60HZAccesoriosVidrio templado con boceles en el<br \/>\ncongelador<br \/>\nBandejas vidrio anti-derrame<br \/>\nDispensador de agua externo<br \/>\nSeparador de botellasGarant\u00eda12 meses<\/p>\n","protected":false},"excerpt":{"rendered":"<p>Nevera No Frost de la nueva l\u00ednea de neveras Challenger L\u00famina, de 317 Litros Brutos con panel digital de clase tropical de bajo ruido y de bajo consumo energ\u00e9tico, incorpora un sistema multiflujo el cual realiza una distribuci\u00f3n constante y uniforme de la temperatura para mantener los alimentos mas frescos 100% Ecol\u00f3gica Contiene refrigerante R600a [&hellip;]<\/p>\n","protected":false},"featured_media":1774,"comment_status":"open","ping_status":"closed","template":"","meta":[],"product_brand":[],"product_cat":[20],"product_tag":[],"class_list":{"0":"post-29","1":"product","2":"type-product","3":"status-publish","4":"has-post-thumbnail","6":"product_cat-neveras","8":"first","9":"onbackorder","10":"featured","11":"shipping-taxable","12":"purchasable","13":"product-type-simple"},"aioseo_notices":[],"_links":{"self":[{"href":"https:\/\/smartket.online\/index.php\/wp-json\/wp\/v2\/product\/29","targetHints":{"allow":["GET"]}}],"collection":[{"href":"https:\/\/smartket.online\/index.php\/wp-json\/wp\/v2\/product"}],"about":[{"href":"https:\/\/smartket.online\/index.php\/wp-json\/wp\/v2\/types\/product"}],"replies":[{"embeddable":true,"href":"https:\/\/smartket.online\/index.php\/wp-json\/wp\/v2\/comments?post=29"}],"wp:featuredmedia":[{"embeddable":true,"href":"https:\/\/smartket.online\/index.php\/wp-json\/wp\/v2\/media\/1774"}],"wp:attachment":[{"href":"https:\/\/smartket.online\/index.php\/wp-json\/wp\/v2\/media?parent=29"}],"wp:term":[{"taxonomy":"product_brand","embeddable":true,"href":"https:\/\/smartket.online\/index.php\/wp-json\/wp\/v2\/product_brand?post=29"},{"taxonomy":"product_cat","embeddable":true,"href":"https:\/\/smartket.online\/index.php\/wp-json\/wp\/v2\/product_cat?post=29"},{"taxonomy":"product_tag","embeddable":true,"href":"https:\/\/smartket.online\/index.php\/wp-json\/wp\/v2\/product_tag?post=29"}],"curies":[{"name":"wp","href":"https:\/\/api.w.org\/{rel}","templated":true}]}}