{"id":57,"date":"2023-06-29T15:55:33","date_gmt":"2023-06-29T20:55:33","guid":{"rendered":"https:\/\/markermedia.co\/demo\/smartket\/?post_type=product&#038;p=57"},"modified":"2026-03-05T14:44:58","modified_gmt":"2026-03-05T19:44:58","slug":"nevera-lumina-no-frost-249-litros-brutos-cr-249","status":"publish","type":"product","link":"https:\/\/smartket.online\/index.php\/producto\/nevera-lumina-no-frost-249-litros-brutos-cr-249\/","title":{"rendered":"Nevera L\u00famina No Frost &#8211; CR 249"},"content":{"rendered":"<p>Nevera No Frost de la nueva l\u00ednea de neveras Challenger l\u00famina, de 249 Litros Brutos de clase tropical de bajo ruido y de bajo consumo energ\u00e9tico, incorpora un sistema multiflujo el cual realiza una distribuci\u00f3n constante y uniforme de la temperatura para mantener los alimentos mas frescos con descongelaci\u00f3n autom\u00e1tica, cuenta con refrigerante R600a que conlleva a una mayor eficiencia energ\u00e9tica y reduce el riesgo del impacto sobre el calentamiento global y el da\u00f1o a la capa de ozono. Incluye un novedoso Smart Pocket en el compartimiento de frutas y verduras pensado para alimentos iniciados. Tanque en ABS de f\u00e1cil limpieza, mejor apariencia, mayor durabilidad y mayor resistencia al manchado. Control de temperatura de \u00faltima tecnolog\u00eda que brinda mayor precisi\u00f3n en la conservaci\u00f3n de los alimentos el cual cuenta con 5 niveles de temperatura ajustables por el usuario, adicional a esto posee 3 funciones especiales: 1 Enfriamiento r\u00e1pido 2 Ahorro de energ\u00eda 3 Alarma de puerta abierta.<\/p>\n<h2><\/h2>\n<h2><\/h2>\n<table width=\"0\">\n<tbody>\n<tr>\n<td>\n<h3>100% Ecol\u00f3gica<\/h3>\n<p>Contiene refrigerante R600a que conlleva a una mayor eficiencia energ\u00e9tica y reduce el riesgo del impacto sobre el calentamiento global y el da\u00f1o a la capa de ozono. Adicional es Libre de CFC (Clorofluorocarburos)<\/td>\n<td><\/td>\n<\/tr>\n<tr>\n<td><\/td>\n<td>\n<h3>Nuevas bandejas vidrio templado de seguridad<\/h3>\n<p>Bandeja multiusos extra\u00edble, de f\u00e1cil acceso que permite almacenar diferentes alimentos, contiene nuevos anaqueles pocket modulares para mejorar la distribuci\u00f3n de alimentos en la puerta.<\/td>\n<\/tr>\n<tr>\n<td>&nbsp;<\/p>\n<h3>Sistema Multiflow<\/h3>\n<p>Sistema multiflujo el cual realiza una distribuci\u00f3n constante y uniforme de la temperatura para mantener los alimentos mas frescos.<\/p>\n<h3>Bajo consumo energ\u00e9tico<\/h3>\n<p>Bajo consumo energ\u00e9tico con las funciones del control electr\u00f3nico de temperatura. Clasificaci\u00f3n Energ\u00e9tica B Consumo de Energ\u00eda: 28.6 kWh\/mes<\/p>\n<p>&nbsp;<\/td>\n<td><\/td>\n<\/tr>\n<\/tbody>\n<\/table>\n<h3><\/h3>\n<h3>CARACTER\u00cdSTICAS ESPECIALES<\/h3>\n<table>\n<tbody>\n<tr>\n<td><strong>MARCA<\/strong><\/td>\n<td>CHALLENGER<\/td>\n<\/tr>\n<tr>\n<td><strong>REFERENCIA<\/strong><\/td>\n<td>CR249<\/td>\n<\/tr>\n<tr>\n<td><strong>Tecnolog\u00eda de Fr\u00edo<\/strong><\/td>\n<td>No Frost<\/td>\n<\/tr>\n<tr>\n<td><strong>Dimensiones del producto (cm)<\/strong><\/td>\n<td>60 cm x 66 cm x 152 cm (F x P x A)<\/td>\n<\/tr>\n<tr>\n<td><strong>Dimensiones de empaque (cm)<\/strong><\/td>\n<td>64,5 cm x 71 cm x 154,1 cm (F x P x A)<\/td>\n<\/tr>\n<tr>\n<td><strong>Dispensador de Agua<\/strong><\/td>\n<td>Si<\/td>\n<\/tr>\n<tr>\n<td><strong>Tipo de Dispensador de Agua<\/strong><\/td>\n<td>Manual<\/td>\n<\/tr>\n<tr>\n<td><strong>Peso flete (Kg)<\/strong><\/td>\n<td>45.77<\/td>\n<\/tr>\n<tr>\n<td><strong>Cantidad Puertas<\/strong><\/td>\n<td>2<\/td>\n<\/tr>\n<tr>\n<td><strong>Material de las Bandejas<\/strong><\/td>\n<td>Vidrio templado<\/td>\n<\/tr>\n<tr>\n<td><strong>Consumo de Energ\u00eda por d\u00eda (Kwh\/d\u00eda.)<\/strong><\/td>\n<td>0.953 kWh\/dia<\/td>\n<\/tr>\n<tr>\n<td><strong>Volumen de Almacenamiento (litros)<\/strong><\/td>\n<td>231<\/td>\n<\/tr>\n<tr>\n<td><strong>Tipo de Fabricador de hielo<\/strong><\/td>\n<td>Manual<\/td>\n<\/tr>\n<tr>\n<td><strong>Fabricador de Hielo<\/strong><\/td>\n<td>S\u00ed<\/td>\n<\/tr>\n<tr>\n<td><strong>Gama de Color<\/strong><\/td>\n<td>Titanium Gris<\/td>\n<\/tr>\n<tr>\n<td><strong>Display<\/strong><\/td>\n<td>No<\/td>\n<\/tr>\n<tr>\n<td><strong>Tensi\u00f3n El\u00e9ctrica (Voltios)<\/strong><\/td>\n<td>270<\/td>\n<\/tr>\n<tr>\n<td><strong>Accesorios<\/strong><\/td>\n<td>Vidrio templado con boceles en el congelador<br \/>\nCompartimiento frutas y verduras con control de humedad<br \/>\nBandejas vidrio anti-derrame<br \/>\nBandeja multiusos<br \/>\nPorta huevos<br \/>\nSeparador de frutas y verduras<br \/>\nFabricador de hielo<br \/>\nAnaqueles gen\u00e9ricos \/ Anaqueles envases peque\u00f1os \/ Anaquel pocket<br \/>\nDispensador de agua externo<br \/>\nSeparador de botellas<\/td>\n<\/tr>\n<tr>\n<td><strong>Garant\u00eda<\/strong><\/td>\n<td>12 meses<\/td>\n<\/tr>\n<\/tbody>\n<\/table>\n<p>&nbsp;<\/p>\n","protected":false},"excerpt":{"rendered":"<p>Nevera No Frost de la nueva l\u00ednea de neveras Challenger l\u00famina, de 249 Litros Brutos de clase tropical de bajo ruido y de bajo consumo energ\u00e9tico, incorpora un sistema multiflujo el cual realiza una distribuci\u00f3n constante y uniforme de la temperatura para mantener los alimentos mas frescos con descongelaci\u00f3n autom\u00e1tica, cuenta con refrigerante R600a que [&hellip;]<\/p>\n","protected":false},"featured_media":1778,"comment_status":"open","ping_status":"closed","template":"","meta":[],"product_brand":[],"product_cat":[20],"product_tag":[],"class_list":{"0":"post-57","1":"product","2":"type-product","3":"status-publish","4":"has-post-thumbnail","6":"product_cat-neveras","8":"first","9":"onbackorder","10":"featured","11":"virtual","12":"purchasable","13":"product-type-simple"},"aioseo_notices":[],"_links":{"self":[{"href":"https:\/\/smartket.online\/index.php\/wp-json\/wp\/v2\/product\/57","targetHints":{"allow":["GET"]}}],"collection":[{"href":"https:\/\/smartket.online\/index.php\/wp-json\/wp\/v2\/product"}],"about":[{"href":"https:\/\/smartket.online\/index.php\/wp-json\/wp\/v2\/types\/product"}],"replies":[{"embeddable":true,"href":"https:\/\/smartket.online\/index.php\/wp-json\/wp\/v2\/comments?post=57"}],"wp:featuredmedia":[{"embeddable":true,"href":"https:\/\/smartket.online\/index.php\/wp-json\/wp\/v2\/media\/1778"}],"wp:attachment":[{"href":"https:\/\/smartket.online\/index.php\/wp-json\/wp\/v2\/media?parent=57"}],"wp:term":[{"taxonomy":"product_brand","embeddable":true,"href":"https:\/\/smartket.online\/index.php\/wp-json\/wp\/v2\/product_brand?post=57"},{"taxonomy":"product_cat","embeddable":true,"href":"https:\/\/smartket.online\/index.php\/wp-json\/wp\/v2\/product_cat?post=57"},{"taxonomy":"product_tag","embeddable":true,"href":"https:\/\/smartket.online\/index.php\/wp-json\/wp\/v2\/product_tag?post=57"}],"curies":[{"name":"wp","href":"https:\/\/api.w.org\/{rel}","templated":true}]}}