{"id":61,"date":"2023-06-29T16:07:34","date_gmt":"2023-06-29T21:07:34","guid":{"rendered":"https:\/\/markermedia.co\/demo\/smartket\/?post_type=product&#038;p=61"},"modified":"2025-10-05T14:29:31","modified_gmt":"2025-10-05T19:29:31","slug":"lavadora-challenger-13kg-dark","status":"publish","type":"product","link":"https:\/\/smartket.online\/index.php\/producto\/lavadora-challenger-13kg-dark\/","title":{"rendered":"Lavadora Challenger 13KG Dark"},"content":{"rendered":"<p>Lavadora Challenger 13KG Dark<br \/>\nLavadora autom\u00e1tica de 13 Kg (29 libras) de capacidad, con sistema inteligente de lavado One Touch, incorpora nueva funci\u00f3n anti-tangle assitant que ayuda a desenredar la ropa.<\/p>\n<p>CARACTER\u00cdSTICAS ESPECIALES<\/p>\n<p>Tensi\u00f3n El\u00e9ctrica (Voltios) 120<br \/>\nDimensiones del producto (cm) 97 (alto) x 58 (ancho) x 60 (fondo)<br \/>\nDimensiones de empaque (cm)<br \/>\n101 (alto) x 65,5 (ancho) x 63,5 (fondo)<\/p>\n<p>Peso flete (Kg) 41<br \/>\nPeso real (Kg) 45<br \/>\nTipo de lavadora Autom\u00e1tica<br \/>\nCapacidad (Kilos) 13<br \/>\nVelocidad centrifugado (RPM) 850\/450<br \/>\nFiltros 1<br \/>\nTipo de carga Superior<br \/>\nPotencia de Consumo (Watt) 480<br \/>\nClasificaci\u00f3n Energ\u00e9tica A<br \/>\nCantidad de programas 8<br \/>\nMotor Convencional (Polea)<\/p>\n","protected":false},"excerpt":{"rendered":"<p>Lavadora Challenger 13KG Dark Lavadora autom\u00e1tica de 13 Kg (29 libras) de capacidad, con sistema inteligente de lavado One Touch, incorpora nueva funci\u00f3n anti-tangle assitant que ayuda a desenredar la ropa. CARACTER\u00cdSTICAS ESPECIALES Tensi\u00f3n El\u00e9ctrica (Voltios) 120 Dimensiones del producto (cm) 97 (alto) x 58 (ancho) x 60 (fondo) Dimensiones de empaque (cm) 101 (alto) [&hellip;]<\/p>\n","protected":false},"featured_media":1781,"comment_status":"open","ping_status":"closed","template":"","meta":[],"product_brand":[],"product_cat":[21],"product_tag":[],"class_list":{"0":"post-61","1":"product","2":"type-product","3":"status-publish","4":"has-post-thumbnail","6":"product_cat-lavadoras","8":"first","9":"onbackorder","10":"featured","11":"shipping-taxable","12":"purchasable","13":"product-type-simple"},"aioseo_notices":[],"_links":{"self":[{"href":"https:\/\/smartket.online\/index.php\/wp-json\/wp\/v2\/product\/61","targetHints":{"allow":["GET"]}}],"collection":[{"href":"https:\/\/smartket.online\/index.php\/wp-json\/wp\/v2\/product"}],"about":[{"href":"https:\/\/smartket.online\/index.php\/wp-json\/wp\/v2\/types\/product"}],"replies":[{"embeddable":true,"href":"https:\/\/smartket.online\/index.php\/wp-json\/wp\/v2\/comments?post=61"}],"wp:featuredmedia":[{"embeddable":true,"href":"https:\/\/smartket.online\/index.php\/wp-json\/wp\/v2\/media\/1781"}],"wp:attachment":[{"href":"https:\/\/smartket.online\/index.php\/wp-json\/wp\/v2\/media?parent=61"}],"wp:term":[{"taxonomy":"product_brand","embeddable":true,"href":"https:\/\/smartket.online\/index.php\/wp-json\/wp\/v2\/product_brand?post=61"},{"taxonomy":"product_cat","embeddable":true,"href":"https:\/\/smartket.online\/index.php\/wp-json\/wp\/v2\/product_cat?post=61"},{"taxonomy":"product_tag","embeddable":true,"href":"https:\/\/smartket.online\/index.php\/wp-json\/wp\/v2\/product_tag?post=61"}],"curies":[{"name":"wp","href":"https:\/\/api.w.org\/{rel}","templated":true}]}}