{"id":973,"date":"2024-12-03T10:33:51","date_gmt":"2024-12-03T15:33:51","guid":{"rendered":"https:\/\/smartket.co\/?post_type=product&#038;p=973"},"modified":"2025-10-05T14:04:45","modified_gmt":"2025-10-05T19:04:45","slug":"infinix-hot-50-pro","status":"publish","type":"product","link":"https:\/\/smartket.online\/index.php\/producto\/infinix-hot-50-pro\/","title":{"rendered":"Infinix Hot 60 pro+"},"content":{"rendered":"<ul class=\"tab-details__keyFeatures--list\">\n<li class=\"tab-details__keyFeatures--item\">Pantalla 1.5K vive cada detalle como si estuvieras all\u00ed.<\/li>\n<li class=\"tab-details__keyFeatures--item\">Sonido Dual Claro, potente y envolvente.<\/li>\n<li class=\"tab-details__keyFeatures--item\">Helio G200 Juega sin l\u00edmites, responde sin pausas<\/li>\n<li class=\"tab-details__keyFeatures--item\">IP64 Hecho para durar, dise\u00f1ado para resistir.<\/li>\n<li class=\"tab-details__keyFeatures--item\">Dise\u00f1o ultrafino de 6.6 mm Ligero, elegante y c\u00f3modo<\/li>\n<\/ul>\n","protected":false},"excerpt":{"rendered":"<p>Pantalla 1.5K vive cada detalle como si estuvieras all\u00ed. Sonido Dual Claro, potente y envolvente. Helio G200 Juega sin l\u00edmites, responde sin pausas IP64 Hecho para durar, dise\u00f1ado para resistir. Dise\u00f1o ultrafino de 6.6 mm Ligero, elegante y c\u00f3modo<\/p>\n","protected":false},"featured_media":1737,"comment_status":"open","ping_status":"closed","template":"","meta":[],"product_brand":[],"product_cat":[19],"product_tag":[],"class_list":{"0":"post-973","1":"product","2":"type-product","3":"status-publish","4":"has-post-thumbnail","6":"product_cat-celulares","8":"first","9":"outofstock","10":"featured","11":"shipping-taxable","12":"purchasable","13":"product-type-variable"},"aioseo_notices":[],"_links":{"self":[{"href":"https:\/\/smartket.online\/index.php\/wp-json\/wp\/v2\/product\/973","targetHints":{"allow":["GET"]}}],"collection":[{"href":"https:\/\/smartket.online\/index.php\/wp-json\/wp\/v2\/product"}],"about":[{"href":"https:\/\/smartket.online\/index.php\/wp-json\/wp\/v2\/types\/product"}],"replies":[{"embeddable":true,"href":"https:\/\/smartket.online\/index.php\/wp-json\/wp\/v2\/comments?post=973"}],"wp:featuredmedia":[{"embeddable":true,"href":"https:\/\/smartket.online\/index.php\/wp-json\/wp\/v2\/media\/1737"}],"wp:attachment":[{"href":"https:\/\/smartket.online\/index.php\/wp-json\/wp\/v2\/media?parent=973"}],"wp:term":[{"taxonomy":"product_brand","embeddable":true,"href":"https:\/\/smartket.online\/index.php\/wp-json\/wp\/v2\/product_brand?post=973"},{"taxonomy":"product_cat","embeddable":true,"href":"https:\/\/smartket.online\/index.php\/wp-json\/wp\/v2\/product_cat?post=973"},{"taxonomy":"product_tag","embeddable":true,"href":"https:\/\/smartket.online\/index.php\/wp-json\/wp\/v2\/product_tag?post=973"}],"curies":[{"name":"wp","href":"https:\/\/api.w.org\/{rel}","templated":true}]}}